)/a + (-2)/l?
3
Let z(m) = 6*m**2 + 6*m + 5. What are the prime factors of z(-2)?
17
Let a = 15 + 43. What are the prime factors of a?
2, 29
Let k(h) = -h**2 + 10*h + 7. Let l be k(10). Let u = 9 - l. List the prime factors of (-5)/u*(-24)/20.
3
Suppose k + 45 + 80 = 3*w, 2*w = -5*k + 89. What are the prime factors of w?
2, 3, 7
Let r(t) = t**2 + 3*t - 4. Let f be r(-4). Suppose f = 3*c - 18 - 0. What are the prime factors of c?
2, 3
Suppose -2*a + 3*x + 26 = 6, 0 = 4*a - 4*x - 48. What are the prime factors of (24/a)/((-2)/(-4))?
3
Suppose -3*x + 2*c = -341, 3*x - x = -4*c + 254. Suppose u - x = -2*u. What are the prime factors of u?
3, 13
Suppose 0 = 4*j + 2*p + 160, 52 = -5*j - 4*p - 151. Let i = j - -83. What are the prime factors of i?
2, 11
Let m = 1 + 2. Suppose p + 5*k = -2*p + 45, 60 = 4*p - 2*k. Suppose p = v + m. List the prime factors of v.
2, 3
Suppose 0 = 4*c + c - 25. Suppose 3*h - 200 = -c*j, 2*h + 0*h + 120 = 3*j. What are the prime factors of j?
2, 5
Suppose 0 = -2*g - 4*h + 8*h + 44, 5*h = 3*g - 70. What are the prime factors of g?
2, 3, 5
Suppose -3*i = -2*i - 25. What are the prime factors of i?
5
Suppose 4*n - 5*c = n + 73, 3*c - 36 = -2*n. Suppose -5*i - r + n = 0, -5*i - 4*r + r + 13 = 0. What are the prime factors of i?
5
Suppose 2*c - 19 - 182 = -3*t, c - 268 = -4*t. List the prime factors of t.
67
Let t = -126 + 216. List the prime factors of t.
2, 3, 5
Suppose -l + 83 = -5*y, -3*l + 2*y = -0*l - 301. What are the prime factors of l?
103
Let k(f) = 60*f - 44. List the prime factors of k(5).
2
Suppose k - 3*s + 114 = -k, s = -5*k - 251. Let f = -25 - k. List the prime factors of f.
2, 13
Suppose -12 = -5*m + 3. Let l = m + 2. What are the prime factors of l?
5
Let i(j) be the third derivative of j**5/30 + j**4/6 + j**3/6 - 2*j**2. Let q be -3*(0 + (1 - 0)). List the prime factors of i(q).
7
Let i = 1 - -2. Suppose 45 = i*j - 12. Let y = j + -12. List the prime factors of y.
7
Let o(b) = -b**3 + 8*b**2 + b + 10. Let y be o(7). Suppose -y = h - 3*h. What are the prime factors of h?
3, 11
Let x = 13 + 4. Let t be (-1 - -2)/(1/x). Suppose -5 - t = -2*q. What are the prime factors of q?
11
Let i = 63 + -32. What are the prime factors of i?
31
Suppose 85 + 511 = 4*b. Suppose -4*r - 5*g = -96, -2*r - 3*r + g = -b. What are the prime factors of r?
29
Suppose 3*y - 5 + 0 = 2*f, 2*y - 4*f - 14 = 0. Let j = y + 4. Let p = j - -2. What are the prime factors of p?
5
Suppose 3*x = 2*c - 6, 0 = -5*c - 2*x - x - 27. Let r = c + 5. Suppose 0 = -2*o + 22 + r. List the prime factors of o.
2, 3
Let t(f) = f**2 - f. Let g(k) = 5*k**2 + k + 3. Let j(c) = g(c) + 3*t(c). List the prime factors of j(2).
31
Let o = 36 + -18. Let i = 25 - o. List the prime factors of i.
7
Let f(o) = 3*o**2 - 2*o - 1. Let y(l) be the second derivative of l**4/12 - l**3/2 + l**2/2 - 4*l. Let p be y(2). List the prime factors of f(p).
2
Let i(n) = 169*n**2 - 2*n + 1. What are the prime factors of i(1)?
2, 3, 7
Suppose -4*r = 2*o + 16, 6*r + 17 = -2*o + r. Let j = 8 + o. What are the prime factors of j?
2
Suppose -15*i + 122 = -13*i. List the prime factors of i.
61
Suppose 0 = 2*z + 2*p - 77 - 51, -2*p = -5*z + 327. List the prime factors of z.
5, 13
Suppose 0 = o - 2 - 1. Let d(l) = l**3 - 5*l**2. Let i be d(5). Let j = o - i. What are the prime factors of j?
3
Suppose 4*i = -n - 0*i - 16, -5*i - 19 = n. What are the prime factors of 4*(-1)/n*2?
2
Let l be 3 - (-2 + (2 - 1)). Suppose -l*g + 7*g = 5*m, -g + 5*m = 0. Suppose g = 7*v - 3*v - 12. List the prime factors of v.
3
Let q be (8/14)/(10/35). Suppose -q*r - 14 = -4*i, 4*i - 3 = r + 14. List the prime factors of r.
3
Let x be (12/(-9))/((-2)/51). What are the prime factors of (x/(-85))/((-2)/20)?
2
Let o = 19 + -10. List the prime factors of o.
3
Suppose -5*h + y = -219 - 127, 4*h + 4*y = 296. List the prime factors of h.
2, 5, 7
Suppose 8 = 4*g - 8. Suppose -j = -5 - g. List the prime factors of j.
3
Let k be 2*-1 + 2 + 0. Suppose 3*d = -3*h + 12, -3*d + 7*d = 5*h + 25. Suppose k + 20 = d*o. What are the prime factors of o?
2
Suppose -7*b + 81 = -4*b. Suppose -b - 13 = -5*t. List the prime factors of t.
2
Let a(w) = w + 2. Let x be a(-2). Suppose -8*b + 13*b - 70 = x. What are the prime factors of b?
2, 7
Let i = 77 + -16. List the prime factors of i.
61
Let j(a) = -a**2 + 8*a - 9. Let o be j(6). Let c(t) = 1 + o*t - 2*t - 2. List the prime factors of c(4).
3
Let m(a) = -a**3 + 6*a**2 + 10*a - 7. Let y be m(6). Let n = y - 23. What are the prime factors of n?
2, 3, 5
Suppose -8*z + 4*z + 304 = 0. What are the prime factors of z?
2, 19
Suppose -2*k - 70 = -4*k. What are the prime factors of k?
5, 7
Let i(w) = w**2 + 6*w. Let u be i(-5). Let y = 13 + -30. Let l = u - y. What are the prime factors of l?
2, 3
Let t = -2 - -1. Let v = 3 + -7. Let w = t - v. List the prime factors of w.
3
Let w = 92 - 46. List the prime factors of w.
2, 23
Suppose -2*r + 3 + 14 = -j, -3*j = -9. What are the prime factors of r?
2, 5
Let r(z) = -z**3 - 1 - 2*z + 2*z**2 + 3*z + 2*z**2. Let f be r(4). List the prime factors of 8 + 2 + -1 + f.
2, 3
Suppose o = -0*o - 9. What are the prime factors of 3*((-39)/o + -1)?
2, 5
Let k(i) = 11*i**2 + 8*i - 1. What are the prime factors of k(-2)?
3
Suppose -4*z + 9*z = 5. Let m = 3 - z. Suppose -m*n - 2*n = -24. What are the prime factors of n?
2, 3
Suppose 15 = 2*q + 47. List the prime factors of (2 - (-10)/(-4))*q.
2
Suppose -3*y + 150 = 48. What are the prime factors of y?
2, 17
Suppose 0*m = -3*m + 9. Let l(d) = 4*d**2 - 1. Let n be l(m). Let j = -24 + n. List the prime factors of j.
11
Let z(y) be the first derivative of 3*y**2/2 - 4*y - 1. Let t be (-15)/(-6)*2 - 0. List the prime factors of z(t).
11
Let f = 33 + -6. Suppose 0 = -5*g + 2*g - f. Let w = 21 + g. What are the prime factors of w?
2, 3
Suppose 2*m - 55 = 211. List the prime factors of m.
7, 19
Let t(u) = u**3 - 9*u**2 + 4*u - 9. Let l be t(9). Let w = -8 + l. What are the prime factors of w?
19
Suppose -3*t - 2 = 5*y + 2, 2*y = 4*t - 12. Let p be (-7)/y + 1/(-2). Suppose -13 = -p*o + 20. List the prime factors of o.
11
Let t(n) = n + 9. Let y be t(-4). Suppose 3*f - f - 9 = 5*c, c - y = 0. What are the prime factors of f?
17
Let i = 124 - 72. What are the prime factors of i?
2, 13
Suppose -10 = 2*a - 3*a. Suppose 13*b - a*b = 153. What are the prime factors of b?
3, 17
Let v be (-137)/9 + 8/36. What are the prime factors of (-3)/(-2)*(-40)/v?
2
Suppose 25*i - 26*i + 81 = 0. What are the prime factors of i?
3
Let f = 63 - 37. What are the prime factors of f?
2, 13
Let b(a) = a**2 - 5. Let d be b(-6). Let r = d + -17. Suppose r - 1 = n. What are the prime factors of n?
13
Let s(v) = 4 + v + 6 - 1. Suppose -2*n = 2*n. List the prime factors of s(n).
3
Suppose -2*a + 2 = -l, 3*a - 7*a + 12 = -l. Let p = l - 11. Let g = p - -5. What are the prime factors of g?
2
Let v = 503 - 48. List the prime factors of v.
5, 7, 13
Suppose 7 - 9 = a. Let g(x) = -4*x - 1. Let b(n) = 4*n + 1. Let v(q) = -4*b(q) - 3*g(q). What are the prime factors of v(a)?
7
Let u be (-28)/36 + (-4)/18. List the prime factors of (-13)/((1 + 0)/u).
13
List the prime factors of (-10)/(-4)*(-96)/(-15).
2
Let z(l) be the third derivative of -l**5/60 - 3*l**4/8 - l**3/6 + l**2. Let i(h) be the first derivative of z(h). List the prime factors of i(-6).
3
Let y(h) = -2*h**2 + 12*h - 6. Let u(c) = c**2 - 6*c + 3. Let m(f) = -5*u(f) - 3*y(f). List the prime factors of m(6).
3
Suppose b + b = 216. Suppose -5*d = -d - b. List the prime factors of d.
3
Suppose 4*g + l - 15 = 0, -g - l + 0 + 6 = 0. Let h(x) = -3*x + 2. Let a(u) = -u + 1. Let k(r) = 5*a(r) - 3*h(r). What are the prime factors of k(g)?
11
Let b = -4 - -6. Suppose -3*n - 2*s + 38 = 0, 4*n - s + 0*s - 47 = 0. Suppose 0 = h + b*h - n. List the prime factors of h.
2
Suppose 0 = -d, -m - 2*d = m + 26. Let q = 7 - m. List the prime factors of q.
2, 5
Suppose 0 = -5*u + 5 - 35. Let q = 13 + u. List the prime factors of q.
7
Suppose 0*n - n = -47. List the prime factors of n.
47
Let b(v) = v**2 - 7*v + 5. Let j be b(5). What are the prime factors of (2/(-5))/(j/150)?
2, 3
Suppose 7*z - 1106 = -280. What are the prime factors of z?
2, 59
Let b be 4/(-16) - (-413)/4. Suppose 15 = -3*n, -3*x - 2*n = -6*x + b. List the p